{"id":223,"date":"2024-10-16T10:21:07","date_gmt":"2024-10-16T08:21:07","guid":{"rendered":"https:\/\/atropos.guadaltel.es\/emfesa\/?page_id=223"},"modified":"2025-06-06T14:18:19","modified_gmt":"2025-06-06T12:18:19","slug":"accesibilidad","status":"publish","type":"page","link":"https:\/\/www.emfesa.es\/emfesa\/accesibilidad\/","title":{"rendered":"Accesibilidad"},"content":{"rendered":"\n<h2 class=\"wp-block-heading\"><strong>Declaraci\u00f3n de accesibilidad<\/strong><\/h2>\n\n\n\n<p>EMFESA se ha comprometido a hacer accesibles sus sitios web de conformidad con el&nbsp;<a href=\"https:\/\/www.boe.es\/buscar\/act.php?id=BOE-A-2018-12699\" target=\"_blank\" rel=\"noreferrer noopener\"><u>Real Decreto 1112\/2018, de 7 de septiembre<\/u><\/a>, sobre accesibilidad de los sitios web y aplicaciones para dispositivos m\u00f3viles del sector p\u00fablico (en adelante, Real Decreto 1112\/2018, de 7 de septiembre).<\/p>\n\n\n\n<p>La presente declaraci\u00f3n de accesibilidad se aplica a&nbsp;<a href=\"https:\/\/www.emfesa.es\/\"><u>www.emfesa.es<\/u><\/a>.<\/p>\n\n\n\n<h2 class=\"wp-block-heading\"><strong>Situaci\u00f3n de cumplimiento<\/strong><\/h2>\n\n\n\n<p>Este sitio web es&nbsp;<strong>parcialmente conforme<\/strong>&nbsp;con el Real Decreto 1112\/2018, de 7 de septiembre, debido a la falta de conformidad de los aspectos que se indican a continuaci\u00f3n.<\/p>\n\n\n\n<h2 class=\"wp-block-heading\"><strong>Contenido no accesible<\/strong><\/h2>\n\n\n\n<p>El contenido que se recoge a continuaci\u00f3n no es accesible por lo siguiente:<\/p>\n\n\n\n<ol class=\"wp-block-list\">\n<li><strong>Falta de conformidad con el Real Decreto 1112\/2018, de 7 de septiembre<\/strong>: podr\u00edan existir fallos puntuales de edici\u00f3n en alguna p\u00e1gina web, tanto en contenidos HMTL como en documentos finales, publicados en fecha posterior al 20 de septiembre de 2018 (fecha de entrada en vigor del Real Decreto 1112\/2018, de 7 de septiembre). Concretamente puede haber errores en aquellos documentos que contienen gr\u00e1ficos o tablas complejas.<\/li>\n\n\n\n<li><strong>Carga desproporcionada<\/strong>: no aplica.<\/li>\n\n\n\n<li>El contenido\u00a0<strong>no entra dentro del \u00e1mbito de la legislaci\u00f3n aplicable<\/strong>: Existen archivos ofim\u00e1ticos en PDF u otros formatos publicados antes del 20 de septiembre de 2018 que no cumplen en su totalidad todos los requisitos de accesibilidad.<\/li>\n<\/ol>\n\n\n\n<h2 class=\"wp-block-heading\"><strong>Preparaci\u00f3n de la presente declaraci\u00f3n de accesibilidad<\/strong><\/h2>\n\n\n\n<p>La presente declaraci\u00f3n fue preparada el\u00a0<em>15 de noviembre de 202<\/em>4.<\/p>\n\n\n\n<p>El m\u00e9todo empleado para preparar la declaraci\u00f3n ha sido una autoevaluaci\u00f3n llevada a cabo por la propia empresa.<\/p>\n\n\n\n<p>\u00daltima revisi\u00f3n de la declaraci\u00f3n:\u00a0<em>15 de noviembre de 2024<\/em><\/p>\n\n\n\n<h2 class=\"wp-block-heading\"><strong>Observaciones y datos de contacto<\/strong><\/h2>\n\n\n\n<p>Puede realizar comunicaciones sobre requisitos de accesibilidad (art\u00edculo 10.2.a) del Real Decreto 1112\/2018, de 7 de septiembre) como, por ejemplo:<\/p>\n\n\n\n<ul class=\"wp-block-list\">\n<li>Informar sobre cualquier posible incumplimiento por parte de este sitio web.<\/li>\n\n\n\n<li>Transmitir otras dificultades de acceso al contenido.<\/li>\n\n\n\n<li>Formular cualquier otra consulta o sugerencia de mejora relativa a la accesibilidad del sitio web.<\/li>\n<\/ul>\n\n\n\n<p>A trav\u00e9s de las siguientes v\u00edas:<\/p>\n\n\n\n<ul class=\"wp-block-list\">\n<li>Correo electr\u00f3nico: emfesa@emfesa.es<\/li>\n\n\n\n<li>Tel\u00e9fonos: (+34) 917749970<\/li>\n<\/ul>\n\n\n\n<p>Las comunicaciones ser\u00e1n recibidas y tratadas por Emfesa, como responsable de los contenidos de este sitio web.<\/p>\n\n\n\n<h2 class=\"wp-block-heading\"><strong>Contenido opcional<\/strong><\/h2>\n\n\n\n<p>La versi\u00f3n actualmente visible de este sitio web es de noviembre de 2024 y en esa fecha se hizo la revisi\u00f3n del nivel de accesibilidad vigente en aquel momento.<\/p>\n\n\n\n<p>A partir de dicha fecha se llevan a cabo revisiones parciales diarias del contenido web nuevo o modificado, tanto de las plantillas como de las p\u00e1ginas y documentos finales publicados, a fin de asegurar el cumplimiento de los requerimientos de accesibilidad de la Norma UNE-EN 301549:2019, considerando las excepciones del Real Decreto 1112\/2018, de 7 de septiembre.<\/p>\n\n\n\n<p>Adicionalmente, este sitio web es revisado por el Observatorio de Accesibilidad Web (OAW), habi\u00e9ndose realizado la \u00faltima revisi\u00f3n en noviembre de 2024.<\/p>\n\n\n\n<p>Entre otras se adoptan las siguientes medidas para facilitar la accesibilidad:<\/p>\n\n\n\n<ul class=\"wp-block-list\">\n<li>Utilizaci\u00f3n de texto alternativo en las im\u00e1genes<\/li>\n\n\n\n<li>Los enlaces ofrecen detalles de la funci\u00f3n o destino del hiperv\u00ednculo<\/li>\n\n\n\n<li>Uso de los est\u00e1ndares del W3C: XHTML 1.0, CSS 3.0, WAI AA.<\/li>\n\n\n\n<li>Transcripciones para im\u00e1genes complejas y v\u00eddeos<\/li>\n<\/ul>\n\n\n\n<p><\/p>\n","protected":false},"excerpt":{"rendered":"<p>Declaraci\u00f3n de accesibilidad EMFESA se ha comprometido a hacer accesibles sus sitios web de conformidad con el&nbsp;Real Decreto 1112\/2018, de 7 de septiembre, sobre accesibilidad de los sitios web y aplicaciones para dispositivos m\u00f3viles del sector p\u00fablico (en adelante, Real Decreto 1112\/2018, de 7 de septiembre). La presente declaraci\u00f3n de accesibilidad se aplica a&nbsp;www.emfesa.es. Situaci\u00f3n [&hellip;]<\/p>\n","protected":false},"author":1,"featured_media":0,"parent":0,"menu_order":0,"comment_status":"closed","ping_status":"closed","template":"one-column.php","meta":{"_eb_attr":"","_uag_custom_page_level_css":"","footnotes":""},"class_list":["post-223","page","type-page","status-publish","hentry"],"yoast_head":"<!-- This site is optimized with the Yoast SEO plugin v23.6 - https:\/\/yoast.com\/wordpress\/plugins\/seo\/ -->\n<title>Accesibilidad - Web oficial de Emfesa<\/title>\n<meta name=\"description\" content=\"Garantizamos una experiencia inclusiva y adaptada a todos los usuarios, cumpliendo con la normativa sobre accesibilidad vigente.\" \/>\n<meta name=\"robots\" content=\"index, follow, max-snippet:-1, max-image-preview:large, max-video-preview:-1\" \/>\n<link rel=\"canonical\" href=\"https:\/\/www.emfesa.es\/emfesa\/accesibilidad\/\" \/>\n<meta property=\"og:locale\" content=\"es_ES\" \/>\n<meta property=\"og:type\" content=\"article\" \/>\n<meta property=\"og:title\" content=\"Accesibilidad - Web oficial de Emfesa\" \/>\n<meta property=\"og:description\" content=\"Garantizamos una experiencia inclusiva y adaptada a todos los usuarios, cumpliendo con la normativa sobre accesibilidad vigente.\" \/>\n<meta property=\"og:url\" content=\"https:\/\/www.emfesa.es\/emfesa\/accesibilidad\/\" \/>\n<meta property=\"og:site_name\" content=\"Web oficial de Emfesa\" \/>\n<meta property=\"article:modified_time\" content=\"2025-06-06T12:18:19+00:00\" \/>\n<meta name=\"twitter:card\" content=\"summary_large_image\" \/>\n<meta name=\"twitter:label1\" content=\"Tiempo de lectura\" \/>\n\t<meta name=\"twitter:data1\" content=\"3 minutos\" \/>\n<script type=\"application\/ld+json\" class=\"yoast-schema-graph\">{\"@context\":\"https:\/\/schema.org\",\"@graph\":[{\"@type\":\"WebPage\",\"@id\":\"https:\/\/www.emfesa.es\/emfesa\/accesibilidad\/\",\"url\":\"https:\/\/www.emfesa.es\/emfesa\/accesibilidad\/\",\"name\":\"Accesibilidad - Web oficial de Emfesa\",\"isPartOf\":{\"@id\":\"https:\/\/www.emfesa.es\/emfesa\/#website\"},\"datePublished\":\"2024-10-16T08:21:07+00:00\",\"dateModified\":\"2025-06-06T12:18:19+00:00\",\"description\":\"Garantizamos una experiencia inclusiva y adaptada a todos los usuarios, cumpliendo con la normativa sobre accesibilidad vigente.\",\"breadcrumb\":{\"@id\":\"https:\/\/www.emfesa.es\/emfesa\/accesibilidad\/#breadcrumb\"},\"inLanguage\":\"es\",\"potentialAction\":[{\"@type\":\"ReadAction\",\"target\":[\"https:\/\/www.emfesa.es\/emfesa\/accesibilidad\/\"]}]},{\"@type\":\"BreadcrumbList\",\"@id\":\"https:\/\/www.emfesa.es\/emfesa\/accesibilidad\/#breadcrumb\",\"itemListElement\":[{\"@type\":\"ListItem\",\"position\":1,\"name\":\"Portada\",\"item\":\"https:\/\/www.emfesa.es\/emfesa\/\"},{\"@type\":\"ListItem\",\"position\":2,\"name\":\"Accesibilidad\"}]},{\"@type\":\"WebSite\",\"@id\":\"https:\/\/www.emfesa.es\/emfesa\/#website\",\"url\":\"https:\/\/www.emfesa.es\/emfesa\/\",\"name\":\"Web oficial de Emfesa\",\"description\":\"\",\"potentialAction\":[{\"@type\":\"SearchAction\",\"target\":{\"@type\":\"EntryPoint\",\"urlTemplate\":\"https:\/\/www.emfesa.es\/emfesa\/?s={search_term_string}\"},\"query-input\":{\"@type\":\"PropertyValueSpecification\",\"valueRequired\":true,\"valueName\":\"search_term_string\"}}],\"inLanguage\":\"es\"}]}<\/script>\n<!-- \/ Yoast SEO plugin. -->","yoast_head_json":{"title":"Accesibilidad - Web oficial de Emfesa","description":"Garantizamos una experiencia inclusiva y adaptada a todos los usuarios, cumpliendo con la normativa sobre accesibilidad vigente.","robots":{"index":"index","follow":"follow","max-snippet":"max-snippet:-1","max-image-preview":"max-image-preview:large","max-video-preview":"max-video-preview:-1"},"canonical":"https:\/\/www.emfesa.es\/emfesa\/accesibilidad\/","og_locale":"es_ES","og_type":"article","og_title":"Accesibilidad - Web oficial de Emfesa","og_description":"Garantizamos una experiencia inclusiva y adaptada a todos los usuarios, cumpliendo con la normativa sobre accesibilidad vigente.","og_url":"https:\/\/www.emfesa.es\/emfesa\/accesibilidad\/","og_site_name":"Web oficial de Emfesa","article_modified_time":"2025-06-06T12:18:19+00:00","twitter_card":"summary_large_image","twitter_misc":{"Tiempo de lectura":"3 minutos"},"schema":{"@context":"https:\/\/schema.org","@graph":[{"@type":"WebPage","@id":"https:\/\/www.emfesa.es\/emfesa\/accesibilidad\/","url":"https:\/\/www.emfesa.es\/emfesa\/accesibilidad\/","name":"Accesibilidad - Web oficial de Emfesa","isPartOf":{"@id":"https:\/\/www.emfesa.es\/emfesa\/#website"},"datePublished":"2024-10-16T08:21:07+00:00","dateModified":"2025-06-06T12:18:19+00:00","description":"Garantizamos una experiencia inclusiva y adaptada a todos los usuarios, cumpliendo con la normativa sobre accesibilidad vigente.","breadcrumb":{"@id":"https:\/\/www.emfesa.es\/emfesa\/accesibilidad\/#breadcrumb"},"inLanguage":"es","potentialAction":[{"@type":"ReadAction","target":["https:\/\/www.emfesa.es\/emfesa\/accesibilidad\/"]}]},{"@type":"BreadcrumbList","@id":"https:\/\/www.emfesa.es\/emfesa\/accesibilidad\/#breadcrumb","itemListElement":[{"@type":"ListItem","position":1,"name":"Portada","item":"https:\/\/www.emfesa.es\/emfesa\/"},{"@type":"ListItem","position":2,"name":"Accesibilidad"}]},{"@type":"WebSite","@id":"https:\/\/www.emfesa.es\/emfesa\/#website","url":"https:\/\/www.emfesa.es\/emfesa\/","name":"Web oficial de Emfesa","description":"","potentialAction":[{"@type":"SearchAction","target":{"@type":"EntryPoint","urlTemplate":"https:\/\/www.emfesa.es\/emfesa\/?s={search_term_string}"},"query-input":{"@type":"PropertyValueSpecification","valueRequired":true,"valueName":"search_term_string"}}],"inLanguage":"es"}]}},"uagb_featured_image_src":{"full":false,"thumbnail":false,"medium":false,"medium_large":false,"large":false,"1536x1536":false,"2048x2048":false},"uagb_author_info":{"display_name":"emfesadmin","author_link":"https:\/\/www.emfesa.es\/emfesa\/author\/emfesadmin\/"},"uagb_comment_info":0,"uagb_excerpt":"Declaraci\u00f3n de accesibilidad EMFESA se ha comprometido a hacer accesibles sus sitios web de conformidad con el&nbsp;Real Decreto 1112\/2018, de 7 de septiembre, sobre accesibilidad de los sitios web y aplicaciones para dispositivos m\u00f3viles del sector p\u00fablico (en adelante, Real Decreto 1112\/2018, de 7 de septiembre). La presente declaraci\u00f3n de accesibilidad se aplica a&nbsp;www.emfesa.es. Situaci\u00f3n&hellip;","_links":{"self":[{"href":"https:\/\/www.emfesa.es\/emfesa\/wp-json\/wp\/v2\/pages\/223"}],"collection":[{"href":"https:\/\/www.emfesa.es\/emfesa\/wp-json\/wp\/v2\/pages"}],"about":[{"href":"https:\/\/www.emfesa.es\/emfesa\/wp-json\/wp\/v2\/types\/page"}],"author":[{"embeddable":true,"href":"https:\/\/www.emfesa.es\/emfesa\/wp-json\/wp\/v2\/users\/1"}],"replies":[{"embeddable":true,"href":"https:\/\/www.emfesa.es\/emfesa\/wp-json\/wp\/v2\/comments?post=223"}],"version-history":[{"count":4,"href":"https:\/\/www.emfesa.es\/emfesa\/wp-json\/wp\/v2\/pages\/223\/revisions"}],"predecessor-version":[{"id":2605,"href":"https:\/\/www.emfesa.es\/emfesa\/wp-json\/wp\/v2\/pages\/223\/revisions\/2605"}],"wp:attachment":[{"href":"https:\/\/www.emfesa.es\/emfesa\/wp-json\/wp\/v2\/media?parent=223"}],"curies":[{"name":"wp","href":"https:\/\/api.w.org\/{rel}","templated":true}]}}

<h2 class="wp-block-heading"><strong>Declaración de accesibilidad</strong></h2>



<p>EMFESA se ha comprometido a hacer accesibles sus sitios web de conformidad con el&nbsp;<a href="https://www.boe.es/buscar/act.php?id=BOE-A-2018-12699" target="_blank" rel="noreferrer noopener"><u>Real Decreto 1112/2018, de 7 de septiembre</u></a>, sobre accesibilidad de los sitios web y aplicaciones para dispositivos móviles del sector público (en adelante, Real Decreto 1112/2018, de 7 de septiembre).</p>



<p>La presente declaración de accesibilidad se aplica a&nbsp;<a href="https://www.emfesa.es/"><u>www.emfesa.es</u></a>.</p>



<h2 class="wp-block-heading"><strong>Situación de cumplimiento</strong></h2>



<p>Este sitio web es&nbsp;<strong>parcialmente conforme</strong>&nbsp;con el Real Decreto 1112/2018, de 7 de septiembre, debido a la falta de conformidad de los aspectos que se indican a continuación.</p>



<h2 class="wp-block-heading"><strong>Contenido no accesible</strong></h2>



<p>El contenido que se recoge a continuación no es accesible por lo siguiente:</p>



<ol class="wp-block-list">
<li><strong>Falta de conformidad con el Real Decreto 1112/2018, de 7 de septiembre</strong>: podrían existir fallos puntuales de edición en alguna página web, tanto en contenidos HMTL como en documentos finales, publicados en fecha posterior al 20 de septiembre de 2018 (fecha de entrada en vigor del Real Decreto 1112/2018, de 7 de septiembre). Concretamente puede haber errores en aquellos documentos que contienen gráficos o tablas complejas.</li>



<li><strong>Carga desproporcionada</strong>: no aplica.</li>



<li>El contenido <strong>no entra dentro del ámbito de la legislación aplicable</strong>: Existen archivos ofimáticos en PDF u otros formatos publicados antes del 20 de septiembre de 2018 que no cumplen en su totalidad todos los requisitos de accesibilidad.</li>
</ol>



<h2 class="wp-block-heading"><strong>Preparación de la presente declaración de accesibilidad</strong></h2>



<p>La presente declaración fue preparada el <em>15 de noviembre de 202</em>4.</p>



<p>El método empleado para preparar la declaración ha sido una autoevaluación llevada a cabo por la propia empresa.</p>



<p>Última revisión de la declaración: <em>15 de noviembre de 2024</em></p>



<h2 class="wp-block-heading"><strong>Observaciones y datos de contacto</strong></h2>



<p>Puede realizar comunicaciones sobre requisitos de accesibilidad (artículo 10.2.a) del Real Decreto 1112/2018, de 7 de septiembre) como, por ejemplo:</p>



<ul class="wp-block-list">
<li>Informar sobre cualquier posible incumplimiento por parte de este sitio web.</li>



<li>Transmitir otras dificultades de acceso al contenido.</li>



<li>Formular cualquier otra consulta o sugerencia de mejora relativa a la accesibilidad del sitio web.</li>
</ul>



<p>A través de las siguientes vías:</p>



<ul class="wp-block-list">
<li>Correo electrónico: emfesa@emfesa.es</li>



<li>Teléfonos: (+34) 917749970</li>
</ul>



<p>Las comunicaciones serán recibidas y tratadas por Emfesa, como responsable de los contenidos de este sitio web.</p>



<h2 class="wp-block-heading"><strong>Contenido opcional</strong></h2>



<p>La versión actualmente visible de este sitio web es de noviembre de 2024 y en esa fecha se hizo la revisión del nivel de accesibilidad vigente en aquel momento.</p>



<p>A partir de dicha fecha se llevan a cabo revisiones parciales diarias del contenido web nuevo o modificado, tanto de las plantillas como de las páginas y documentos finales publicados, a fin de asegurar el cumplimiento de los requerimientos de accesibilidad de la Norma UNE-EN 301549:2019, considerando las excepciones del Real Decreto 1112/2018, de 7 de septiembre.</p>



<p>Adicionalmente, este sitio web es revisado por el Observatorio de Accesibilidad Web (OAW), habiéndose realizado la última revisión en noviembre de 2024.</p>



<p>Entre otras se adoptan las siguientes medidas para facilitar la accesibilidad:</p>



<ul class="wp-block-list">
<li>Utilización de texto alternativo en las imágenes</li>



<li>Los enlaces ofrecen detalles de la función o destino del hipervínculo</li>



<li>Uso de los estándares del W3C: XHTML 1.0, CSS 3.0, WAI AA.</li>



<li>Transcripciones para imágenes complejas y vídeos</li>
</ul>



<p></p>

<p>Declaración de accesibilidad EMFESA se ha comprometido a hacer accesibles sus sitios web de conformidad con el&nbsp;Real Decreto 1112/2018, de 7 de septiembre, sobre accesibilidad de los sitios web y aplicaciones para dispositivos móviles del sector público (en adelante, Real Decreto 1112/2018, de 7 de septiembre). La presente declaración de accesibilidad se aplica a&nbsp;www.emfesa.es. Situación [&hellip;]</p>

Declaración de accesibilidad EMFESA se ha comprometido a hacer accesibles sus sitios web de conformidad con el&nbsp;Real Decreto 1112/2018, de 7 de septiembre, sobre accesibilidad de los sitios web y aplicaciones para dispositivos móviles del sector público (en adelante, Real Decreto 1112/2018, de 7 de septiembre). La presente declaración de accesibilidad se aplica a&nbsp;www.emfesa.es. Situación&hellip;
